{"id":888,"date":"2025-09-30T20:27:23","date_gmt":"2025-09-30T20:27:23","guid":{"rendered":"https:\/\/otolastikakdemir.com\/?page_id=888"},"modified":"2025-09-30T21:10:32","modified_gmt":"2025-09-30T21:10:32","slug":"lastik-hizmeti","status":"publish","type":"page","link":"https:\/\/otolastikakdemir.com\/?page_id=888","title":{"rendered":"Lastik Hizmeti ( 2.el veya s\u0131f\u0131r)"},"content":{"rendered":"\t\t<div data-elementor-type=\"wp-page\" data-elementor-id=\"888\" class=\"elementor elementor-888\">\n\t\t\t\t\t\t<section class=\"elementor-section elementor-top-section elementor-element elementor-element-e949d28 elementor-section-height-min-height elementor-section-boxed elementor-section-height-default elementor-section-items-middle wpr-particle-no wpr-jarallax-no wpr-parallax-no wpr-sticky-section-no wpr-equal-height-no\" data-id=\"e949d28\" data-element_type=\"section\" data-e-type=\"section\" data-settings=\"{&quot;background_background&quot;:&quot;classic&quot;,&quot;shape_divider_bottom&quot;:&quot;tilt&quot;}\">\n\t\t\t\t\t\t\t<div class=\"elementor-background-overlay\"><\/div>\n\t\t\t\t\t\t<div class=\"elementor-shape elementor-shape-bottom\" aria-hidden=\"true\" data-negative=\"false\">\n\t\t\t<svg xmlns=\"http:\/\/www.w3.org\/2000\/svg\" viewBox=\"0 0 1000 100\" preserveAspectRatio=\"none\">\n\t<path class=\"elementor-shape-fill\" d=\"M0,6V0h1000v100L0,6z\"\/>\n<\/svg>\t\t<\/div>\n\t\t\t\t\t<div class=\"elementor-container elementor-column-gap-default\">\n\t\t\t\t\t<div class=\"elementor-column elementor-col-100 elementor-top-column elementor-element elementor-element-a7f6cf0\" data-id=\"a7f6cf0\" data-element_type=\"column\" data-e-type=\"column\">\n\t\t\t<div class=\"elementor-widget-wrap elementor-element-populated\">\n\t\t\t\t\t\t<div class=\"elementor-element elementor-element-ad17c9c elementor-widget elementor-widget-heading\" data-id=\"ad17c9c\" data-element_type=\"widget\" data-e-type=\"widget\" data-widget_type=\"heading.default\">\n\t\t\t\t\t<h2 class=\"elementor-heading-title elementor-size-default\">Lastik Hizmeti ( 2.el veya s\u0131f\u0131r)<\/h2>\t\t\t\t<\/div>\n\t\t\t\t\t<\/div>\n\t\t<\/div>\n\t\t\t\t\t<\/div>\n\t\t<\/section>\n\t\t\t\t<section class=\"elementor-section elementor-top-section elementor-element elementor-element-8674209 elementor-section-boxed elementor-section-height-default elementor-section-height-default wpr-particle-no wpr-jarallax-no wpr-parallax-no wpr-sticky-section-no wpr-equal-height-no\" data-id=\"8674209\" data-element_type=\"section\" data-e-type=\"section\">\n\t\t\t\t\t\t<div class=\"elementor-container elementor-column-gap-default\">\n\t\t\t\t\t<div class=\"elementor-column elementor-col-50 elementor-top-column elementor-element elementor-element-c1144ad\" data-id=\"c1144ad\" data-element_type=\"column\" data-e-type=\"column\">\n\t\t\t<div class=\"elementor-widget-wrap elementor-element-populated\">\n\t\t\t\t\t\t<div class=\"elementor-element elementor-element-e50e5c9 elementor-widget elementor-widget-text-editor\" data-id=\"e50e5c9\" data-element_type=\"widget\" data-e-type=\"widget\" data-widget_type=\"text-editor.default\">\n\t\t\t\t\t\t\t\t\t<p><strong>Avsallar ve Alanya\u2019da s\u0131f\u0131r ve 2. el lastik hizmeti!<\/strong><\/p><p><strong> Patlayan, y\u0131pranan veya de\u011fi\u015fim zaman\u0131 gelen lastiklerinizi profesyonel ekibimizle h\u0131zl\u0131ca yeniliyoruz.<\/strong><\/p><p><strong> Yerinde lastik tamiri, montaj, balans ve jant d\u00fczeltme hizmetiyle arac\u0131n\u0131z\u0131 g\u00fcvenle yola \u00e7\u0131kar\u0131yoruz. <\/strong><\/p><p><strong>B\u00fct\u00e7enize uygun lastik \u00e7\u00f6z\u00fcmleri i\u00e7in hemen bizimle ileti\u015fime ge\u00e7in!<\/strong><\/p>\t\t\t\t\t\t\t\t<\/div>\n\t\t\t\t\t<\/div>\n\t\t<\/div>\n\t\t\t\t<div class=\"elementor-column elementor-col-50 elementor-top-column elementor-element elementor-element-86c7826\" data-id=\"86c7826\" data-element_type=\"column\" data-e-type=\"column\">\n\t\t\t<div class=\"elementor-widget-wrap elementor-element-populated\">\n\t\t\t\t<div class=\"elementor-element elementor-element-f43f3e8 e-grid e-con-boxed wpr-particle-no wpr-jarallax-no wpr-parallax-no wpr-sticky-section-no wpr-equal-height-no e-con e-parent\" data-id=\"f43f3e8\" data-element_type=\"container\" data-e-type=\"container\">\n\t\t\t\t\t<div class=\"e-con-inner\">\n\t\t\t\t<div class=\"elementor-element elementor-element-10e469c elementor-widget elementor-widget-image\" data-id=\"10e469c\" data-element_type=\"widget\" data-e-type=\"widget\" data-widget_type=\"image.default\">\n\t\t\t\t\t\t\t\t\t\t\t\t\t\t\t<img fetchpriority=\"high\" decoding=\"async\" width=\"577\" height=\"1024\" src=\"https:\/\/otolastikakdemir.com\/wp-content\/uploads\/2025\/09\/WhatsApp-Image-2025-09-24-at-12.14.18-1-577x1024.jpeg\" class=\"attachment-large size-large wp-image-920\" alt=\"\" srcset=\"https:\/\/otolastikakdemir.com\/wp-content\/uploads\/2025\/09\/WhatsApp-Image-2025-09-24-at-12.14.18-1-577x1024.jpeg 577w, https:\/\/otolastikakdemir.com\/wp-content\/uploads\/2025\/09\/WhatsApp-Image-2025-09-24-at-12.14.18-1-169x300.jpeg 169w, https:\/\/otolastikakdemir.com\/wp-content\/uploads\/2025\/09\/WhatsApp-Image-2025-09-24-at-12.14.18-1-768x1362.jpeg 768w, https:\/\/otolastikakdemir.com\/wp-content\/uploads\/2025\/09\/WhatsApp-Image-2025-09-24-at-12.14.18-1-866x1536.jpeg 866w, https:\/\/otolastikakdemir.com\/wp-content\/uploads\/2025\/09\/WhatsApp-Image-2025-09-24-at-12.14.18-1.jpeg 902w\" sizes=\"(max-width: 577px) 100vw, 577px\" \/>\t\t\t\t\t\t\t\t\t\t\t\t\t\t\t<\/div>\n\t\t\t\t<div class=\"elementor-element elementor-element-b52965b elementor-widget elementor-widget-image\" data-id=\"b52965b\" data-element_type=\"widget\" data-e-type=\"widget\" data-widget_type=\"image.default\">\n\t\t\t\t\t\t\t\t\t\t\t\t\t\t\t<img decoding=\"async\" width=\"578\" height=\"1024\" src=\"https:\/\/otolastikakdemir.com\/wp-content\/uploads\/2025\/09\/WhatsApp-Image-2025-09-24-at-11.40.22-1-578x1024.jpeg\" class=\"attachment-large size-large wp-image-922\" alt=\"\" srcset=\"https:\/\/otolastikakdemir.com\/wp-content\/uploads\/2025\/09\/WhatsApp-Image-2025-09-24-at-11.40.22-1-578x1024.jpeg 578w, https:\/\/otolastikakdemir.com\/wp-content\/uploads\/2025\/09\/WhatsApp-Image-2025-09-24-at-11.40.22-1-169x300.jpeg 169w, https:\/\/otolastikakdemir.com\/wp-content\/uploads\/2025\/09\/WhatsApp-Image-2025-09-24-at-11.40.22-1-768x1362.jpeg 768w, https:\/\/otolastikakdemir.com\/wp-content\/uploads\/2025\/09\/WhatsApp-Image-2025-09-24-at-11.40.22-1-866x1536.jpeg 866w, https:\/\/otolastikakdemir.com\/wp-content\/uploads\/2025\/09\/WhatsApp-Image-2025-09-24-at-11.40.22-1.jpeg 1128w\" sizes=\"(max-width: 578px) 100vw, 578px\" \/>\t\t\t\t\t\t\t\t\t\t\t\t\t\t\t<\/div>\n\t\t\t\t\t<\/div>\n\t\t\t\t<\/div>\n\t\t\t\t\t<\/div>\n\t\t<\/div>\n\t\t\t\t\t<\/div>\n\t\t<\/section>\n\t\t\t\t<\/div>\n\t\t","protected":false},"excerpt":{"rendered":"<p>Lastik Hizmeti ( 2.el veya s\u0131f\u0131r) Avsallar ve Alanya\u2019da s\u0131f\u0131r ve 2. el lastik hizmeti! Patlayan, y\u0131pranan veya de\u011fi\u015fim zaman\u0131 gelen lastiklerinizi profesyonel ekibimizle h\u0131zl\u0131ca yeniliyoruz. Yerinde lastik tamiri, montaj, balans ve jant d\u00fczeltme hizmetiyle arac\u0131n\u0131z\u0131 g\u00fcvenle yola \u00e7\u0131kar\u0131yoruz. B\u00fct\u00e7enize uygun lastik \u00e7\u00f6z\u00fcmleri i\u00e7in hemen bizimle ileti\u015fime ge\u00e7in!<\/p>\n","protected":false},"author":1,"featured_media":0,"parent":0,"menu_order":0,"comment_status":"closed","ping_status":"closed","template":"elementor_canvas","meta":{"footnotes":""},"class_list":["post-888","page","type-page","status-publish","hentry"],"acf":[],"_links":{"self":[{"href":"https:\/\/otolastikakdemir.com\/index.php?rest_route=\/wp\/v2\/pages\/888","targetHints":{"allow":["GET"]}}],"collection":[{"href":"https:\/\/otolastikakdemir.com\/index.php?rest_route=\/wp\/v2\/pages"}],"about":[{"href":"https:\/\/otolastikakdemir.com\/index.php?rest_route=\/wp\/v2\/types\/page"}],"author":[{"embeddable":true,"href":"https:\/\/otolastikakdemir.com\/index.php?rest_route=\/wp\/v2\/users\/1"}],"replies":[{"embeddable":true,"href":"https:\/\/otolastikakdemir.com\/index.php?rest_route=%2Fwp%2Fv2%2Fcomments&post=888"}],"version-history":[{"count":5,"href":"https:\/\/otolastikakdemir.com\/index.php?rest_route=\/wp\/v2\/pages\/888\/revisions"}],"predecessor-version":[{"id":925,"href":"https:\/\/otolastikakdemir.com\/index.php?rest_route=\/wp\/v2\/pages\/888\/revisions\/925"}],"wp:attachment":[{"href":"https:\/\/otolastikakdemir.com\/index.php?rest_route=%2Fwp%2Fv2%2Fmedia&parent=888"}],"curies":[{"name":"wp","href":"https:\/\/api.w.org\/{rel}","templated":true}]}}